(u)?
6
Suppose 9 = -t - 0*t. Let n(v) = v**3 + 3*v**2 - 5*v - 2. Let i be n(-3). Let f = i + t. What is the remainder when f is divided by 2?
0
Let n be (-2)/(-1) + 0/2. Let j = 25 - n. Suppose 3*k - 27 = 9. Calculate the remainder when j is divided by k.
11
Let x(n) = -n**3 + 5*n**2 + 9*n - 4. What is the remainder when 41 is divided by x(6)?
13
Let q be 3/12 + (-166)/(-8). Suppose 0 = b + 2*y + 2, -y = -3*b + 2*y + q. Let h = 1 + 1. What is the remainder when b is divided by h?
0
Suppose 44 = 2*i - 52. Suppose -i - 3 = -3*z. Let v = -11 + 59. Calculate the remainder when v is divided by z.
14
Suppose 142 = s + s. Suppose -3*w + 0*w + s = 2*a, 5*a = 3*w - 43. Calculate the remainder when 60 is divided by w.
18
Suppose -a - 10 = -2*l, 2*l - 2*a = -4*a + 10. Suppose -165 = -5*o - 8*r + 3*r, -l*o + r = -159. What is the remainder when o is divided by 11?
10
Suppose -4*u + 57 = -u. What is the remainder when u is divided by 10?
9
Let k(p) be the third derivative of -7*p**4/24 - p**3/3 + p**2. Let o be k(2). What is the remainder when 58 is divided by 9*(-1 + o/(-6))?
13
Let s = 7 + 7. Suppose -5*p - 2*u + 30 = 1, -3 = -p + u. Calculate the remainder when s is divided by p.
4
Let l be ((-7)/21)/(2/(-18)). Calculate the remainder when 11 is divided by (2 + 2 + l)*1.
4
Suppose -3*d - 11 - 1 = -3*v, 0 = 4*v - d - 25. Suppose 0 = -s - v + 22. Suppose s = 2*f + 3*f. What is the remainder when f is divided by 2?
1
Let h(w) = -6*w + 2. Let k = -66 + 124. What is the remainder when k is divided by h(-3)?
18
Suppose 3*h + 0 = 6. Let y(p) = 4*p + 70. Calculate the remainder when y(-17) is divided by h.
0
Let r be -3*((-30)/(-9) + -2). Let o(v) = -5*v - 5. Suppose 0*q + 2*q - 3*y = 114, -114 = -2*q + 4*y. Calculate the remainder when q is divided by o(r).
12
Let p(r) = 4*r**2 + 6*r + 1. Let i be p(-4). Suppose 3*z - 58 = i. What is the remainder when z is divided by 12?
9
Let t be 2/8 + (-21)/(-12). Suppose 0 = -3*n + t*n + 17. Calculate the remainder when (-96)/(-10)*(-60)/(-18) is divided by n.
15
Let p(j) be the third derivative of j**5/60 - j**4/6 - j**3/6 - 4*j**2. What is the remainder when 19 is divided by p(6)?
8
Let t(u) = -u**2 - 2*u + 4. Let o be t(3). Let g = o + 20. Let m = 18 - 2. What is the remainder when m is divided by g?
7
Let r = 3 - 3. Suppose r = p + 1 - 27. What is the remainder when p is divided by 7?
5
Let h(w) = -2*w. Let m(p) = -1. Let q(f) = h(f) - 5*m(f). Let v be q(5). Let r = v + 8. Calculate the remainder when 9 is divided by r.
0
Suppose 6 = 11*g - 9*g. Let u = -37 - -57. Suppose 0 = -4*a - a + u. Calculate the remainder when a is divided by g.
1
Let a(k) = -k - 5. Let s be a(-5). Calculate the remainder when 34 - 6 - (0 + s) is divided by 10.
8
Suppose -u = -5*v - 5, 0*u + 5 = 3*u - 5*v. Suppose 64 = 5*d - 4*l, u*d + l - 52 = -3*d. Suppose -r + 12 = -18. What is the remainder when r is divided by d?
14
Suppose 0 = -l + n + 19, n - 35 = -2*l + 2*n. Let x = l + 1. What is the remainder when x is divided by 9?
8
Suppose q - 23 = 2*l, 0*l + 28 = q - l. Calculate the remainder when q is divided by 7.
5
What is the remainder when 49 is divided by (150/9)/((-8)/(-12))?
24
Let f = -9 + 17. Suppose -2*g + 34 = 3*p, 66 = 5*p + 2*g - g. What is the remainder when p is divided by f?
6
Suppose -4*w + 8*w = 236. Suppose -2*t + 18 = -r - 2*r, 8 = 2*r. What is the remainder when w is divided by t?
14
Let g(c) be the first derivative of -5*c**4/4 + c**3/3 + c**2 + c - 3. Calculate the remainder when 7 is divided by g(-1).
2
Let k(m) = m**3 + 5*m**2 - 7*m + 7. Suppose 9 + 63 = 2*r. Calculate the remainder when r is divided by k(-6).
10
Let d(t) = t**2 + 8*t + 7. Let x be d(-7). Suppose x = -2*y + 2. What is the remainder when 2 is divided by y?
0
Let f(h) = -h**2 - 6*h - 3. Let c(v) = -2*v + 4 - v - 3*v + v**2. Calculate the remainder when c(7) is divided by f(-3).
5
Let z(u) = u**2 - u. Let g(i) = 3*i**3 - i**2 + i - 1. Let b be g(1). Suppose b*t - 175 = -3*t. Calculate the remainder when t is divided by z(-3).
11
Let d = 20 + -2. Suppose -5*z - 21 = -8*z. Calculate the remainder when d is divided by z.
4
Let c(m) = 6*m**2 - m + 1. Let t = 4 - 2. What is the remainder when c(t) is divided by 8?
7
Let d(w) = 5*w**3 + 2*w**2 - 5*w - 1. Let j(c) = -14*c**3 - 6*c**2 + 14*c + 2. Let y(s) = 17*d(s) + 6*j(s). What is the remainder when y(4) is divided by 8?
7
Let u = -3 - 1. Let p = u + 26. Suppose g + 1 = 13. Calculate the remainder when p is divided by g.
10
Let u = -48 - -83. Suppose -4*o + u + 5 = 0. Suppose 49 = a + 4*r, 3*a = 3*r + 91 - 19. What is the remainder when a is divided by o?
9
Let a(i) = -i**2 + 14*i + 19. Let t be a(15). Suppose 3*z = -5*r + 25, -4*z = t*r + 14 - 42. Calculate the remainder when 6 is divided by r.
0
Suppose 95 = 5*u - 0*u. Let d = u + -10. What is the remainder when 33 is divided by d?
6
Let d be -2 + 6/9*3. Let i = 6 + -1. Suppose d = 5*n - i*s - 45, n + n - 4*s = 16. Calculate the remainder when 18 is divided by n.
8
Let f(w) = -w**3 - w**2 - w + 2. Suppose -4*c = k + 3, 4*c + k = 3*c + 3. Let j be f(c). Let a = 22 - j. What is the remainder when a is divided by 5?
4
Suppose 0 = 8*q - 98 - 38. Calculate the remainder when q is divided by 7.
3
Suppose 20 = -5*j, 3 - 1 = o + 4*j. Let w = 35 - o. Let r = -13 + 19. What is the remainder when w is divided by r?
5
Let v = -72 - -43. Let p = v - -50. Calculate the remainder when p is divided by 6.
3
Let r = 8 - 5. Suppose 3*h = 2*i + 7, -h - 8 = -r*h - 2*i. What is the remainder when h is divided by 3?
0
Suppose 69 + 31 = 2*v. Suppose -5*c - 4*o = -81, o = -2*c - c + v. What is the remainder when 31 is divided by c?
14
Let n be 2/(-4) - 95/(-2). Let d = n - 23. Let o = d + 16. Calculate the remainder when o is divided by 14.
12
Suppose -3*a + 2*x = 5*x - 24, -5*x = 0. Suppose m = 2*m + 7. Let z = 12 + m. Calculate the remainder when a is divided by z.
3
Let g be 2 + -4 + (2 - 2). What is the remainder when 20 is divided by 9 - (2 + -3)*g?
6
Suppose t + 30 = 2*t. Suppose -2*d + 22 = -t. Let g(u) = -8*u - 2. Calculate the remainder when d is divided by g(-2).
12
Suppose 5*j - 2*q - 337 = 0, -267 = -3*j - 5*q - 40. Calculate the remainder when j is divided by 36.
33
Suppose 1 = -2*v - 1. Let y = v + 6. Calculate the remainder when 13 is divided by y.
3
Suppose -7 = 2*d - 17. What is the remainder when 7 is divided by d?
2
Suppose -2*c = -5*c + 114. What is the remainder when c is divided by 13?
12
Let u(z) = z**3 - 16*z**2 - 17*z + 2. Let y be u(17). Suppose y*r + p = 21, r - 3*p = -r + 25. What is the remainder when 43 is divided by r?
10
Let f = 70 + -43. Suppose n + 2*n - 42 = 0. Calculate the remainder when f is divided by n.
13
Let u be 3/1 + -2 + 9. Suppose 2*p + u = 26. Calculate the remainder when 30 is divided by p.
6
Let i(b) = -4*b + 97. Let n = 10 + -1. Calculate the remainder when n is divided by i(23).
4
Let k(m) = m**3 - 20*m**2 + 3*m - 6. What is the remainder when k(20) is divided by 29?
25
Suppose -5*x + 109 = -116. What is the remainder when x is divided by 12?
9
Let l = -1 + 4. Let k(q) = 2 + 0*q**3 - 3*q**2 + 0*q**3 + 0*q**2 + q**3. What is the remainder when 2 is divided by k(l)?
0
Let s be (-3)/(-5) + (-4)/(-10). Calculate the remainder when (195/10)/(s/6) is divided by 30.
27
Suppose -4*t - 3*k = k - 56, -3*t + 3*k + 18 = 0. What is the remainder when 1*((-3 - -3) + t) is divided by 6?
4
Suppose 0 = -w - 2 + 11. Calculate the remainder when 41 is divided by w.
5
Let w(x) = x**2 - 7*x + 6. Let g = -14 - -22. What is the remainder when w(g) is divided by 10?
4
Suppose -5 + 1 = -2*n. Suppose -2*a + 2 = n*l, 5*l + 1 = 2*a - 1. Let j(k) = k + 12. Calculate the remainder when a is divided by j(-11).
0
Suppose 0 = 4*z - 4*d - 8, 0 + 6 = 3*z - 5*d. Suppose 0 = -5*y + 2*n - n, z*y = 5*n - 23. Let q = 4 - y. Calculate the remainder when q is divided by 2.
1
Suppose w = -4*y - 4*w + 525, 2*w = y - 141. Suppose 5*l = -0*l + y. What is the remainder when l is divided by 7?
6
Let a(u) = 7*u**2 + 0*u + u**3 + 5*u + 0*u + 4. What is the remainder when a(-5) is divided by 15?
14
Suppose 0 = 5*w - 7 - 13. What is the remainder when 7 is divided by w?
3
Let n = -68 + 102. Suppose 266 = 4*h + 2*c, h - 4*c + n = 96. Suppose -z + 7 + 8 = y, 19 = z - y. Calculate th